es 32 divide 1628032?
True
Is 182490 a multiple of 462?
True
Does 641 divide 800950?
False
Is 2 a factor of 92719?
False
Does 133 divide 22743?
True
Is 1574044 a multiple of 244?
True
Does 26 divide 412828?
True
Is 9 a factor of 118971?
True
Is 20 a factor of 197600?
True
Is 2358892 a multiple of 13?
False
Does 1866 divide 11897616?
True
Does 111 divide 1413637?
False
Is 70 a factor of 149932?
False
Is 162 a factor of 441450?
True
Does 102 divide 6373980?
True
Is 173320 a multiple of 70?
True
Does 44 divide 12628?
True
Does 1161 divide 2435828?
False
Is 510367 a multiple of 16?
False
Does 12 divide 1108140?
True
Is 75175 a multiple of 9?
False
Does 4 divide 1223776?
True
Does 99 divide 60588?
True
Is 11 a factor of 54867?
False
Is 520 a factor of 4984405?
False
Does 6 divide 50797?
False
Is 311837 a multiple of 49?
False
Does 273 divide 4049316?
False
Is 209 a factor of 20934118?
False
Does 42 divide 1920669?
False
Does 679 divide 1639106?
True
Does 3 divide 36438?
True
Is 9936904 a multiple of 363?
False
Does 1169 divide 5649777?
True
Does 60 divide 985380?
True
Is 32 a factor of 66912?
True
Is 219100 a multiple of 28?
True
Is 579676 a multiple of 21?
False
Does 495 divide 4935645?
True
Is 563250 a multiple of 30?
True
Is 4165664 a multiple of 373?
True
Is 140 a factor of 93940?
True
Is 99157 even?
False
Does 23 divide 21712?
True
Does 14 divide 1052599?
False
Is 176 a factor of 60622?
False
Is 7 a factor of 2215913?
True
Does 32 divide 9226?
False
Is 48132 a multiple of 18?
True
Does 69 divide 3566472?
True
Does 50 divide 37084?
False
Is 169 a factor of 1295723?
True
Does 11 divide 436733?
True
Is 119022 a multiple of 249?
True
Does 580 divide 14914700?
True
Does 94 divide 280633?
False
Does 3 divide 156255?
True
Does 1870 divide 7380083?
False
Is 19 a factor of 1514221?
False
Is 310986 a multiple of 26?
True
Does 1108 divide 1727356?
False
Is 360332 a multiple of 113?
False
Does 21 divide 328061?
False
Does 3 divide 44511?
True
Is 13 a factor of 350740?
True
Is 502094 a multiple of 582?
False
Does 78 divide 424864?
False
Does 16 divide 1687338?
False
Does 149 divide 494205?
False
Is 1953712 a multiple of 184?
True
Is 595584 a multiple of 72?
True
Is 391806 a multiple of 333?
False
Does 188 divide 108057?
False
Is 334230 a multiple of 54?
False
Does 30 divide 244183?
False
Is 37 a factor of 293160?
False
Is 7866337 a multiple of 29?
True
Is 572730 a multiple of 51?
True
Is 243466 a multiple of 10?
False
Does 5 divide 3832459?
False
Does 19 divide 989504?
False
Is 4 a factor of 92059?
False
Is 125 a factor of 5655125?
True
Is 1526676 a multiple of 6?
True
Is 148 a factor of 2728528?
True
Is 1085 a factor of 991873?
False
Does 769 divide 179177?
True
Does 8 divide 83457?
False
Does 140 divide 294195?
False
Does 12 divide 3586032?
True
Is 2 a factor of 314480?
True
Does 17 divide 178772?
True
Is 31 a factor of 70742?
True
Is 47808 a multiple of 32?
True
Is 268086 a multiple of 14?
True
Does 185 divide 1125588?
False
Is 4697829 a multiple of 51?
False
Does 14 divide 1797586?
True
Is 1634397 a multiple of 162?
False
Does 95 divide 76950?
True
Is 810716 a multiple of 29?
False
Is 330402 a multiple of 93?
False
Does 17 divide 409800?
False
Is 6 a factor of 1219?
False
Does 20 divide 276882?
False
Is 90 a factor of 224513?
False
Is 60 a factor of 205857?
False
Does 413 divide 117292?
True
Does 1049 divide 1878065?
False
Is 132368 a multiple of 187?
False
Is 19 a factor of 114?
True
Does 68 divide 1011884?
False
Is 5906882 a multiple of 122?
False
Is 169 a factor of 264684?
False
Is 23117750 a multiple of 178?
True
Does 198 divide 256806?
True
Is 1272240 a multiple of 152?
True
Is 102 a factor of 87355?
False
Is 3217987 a multiple of 691?
True
Does 154 divide 11318?
False
Is 407 a factor of 7093451?
False
Is 1708932 a multiple of 159?
True
Is 1265 a factor of 7170020?
True
Is 295754 a multiple of 181?
True
Is 115 a factor of 168195?
False
Does 367 divide 557277?
False
Does 182 divide 2438618?
True
Does 6 divide 5807844?
True
Is 13 a factor of 342225?
True
Is 360158 a multiple of 37?
True
Is 15 a factor of 1384650?
True
Is 42 a factor of 9744?
True
Is 549 a factor of 1644733?
False
Is 386098 a multiple of 173?
False
Does 18 divide 6510402?
True
Does 145 divide 858690?
True
Is 29152070 a multiple of 19?
False
Is 960 a factor of 4872960?
True
Is 57 a factor of 12943959?
True
Does 112 divide 2922374?
False
Is 25 a factor of 4620807?
False
Is 280674 a multiple of 93?
True
Is 11848 a multiple of 26?
False
Does 54 divide 6353?
False
Is 17 a factor of 489209?
True
Is 2157347 a multiple of 59?
False
Is 2925133 a multiple of 20?
False
Does 4 divide 3488849?
False
Is 1211837 a multiple of 37?
False
Is 4 a factor of 4243756?
True
Does 238 divide 165099?
False
Does 142 divide 2031452?
True
Does 6 divide 98598?
True
Is 832438 a multiple of 30?
False
Is 313430 a multiple of 606?
False
Is 381690 a multiple of 56?
False
Is 97 a factor of 96893?
False
Is 71547 a multiple of 2?
False
Is 36 a factor of 74376?
True
Is 583573 a multiple of 89?
True
Is 195785 a multiple of 92?
False
Is 18 a factor of 46093?
False
Does 54 divide 356940?
True
Does 305 divide 3001505?
True
Is 141 a factor of 205155?
True
Is 10 a factor of 9210?
True
Is 12 a factor of 89088?
True
Is 223 a factor of 1004281?
False
Is 166 a factor of 304940?
False
Is 16 a factor of 4109968?
True
Is 19 a factor of 718012?
False
Is 455 a factor of 43225?
True
Is 54 a factor of 321660?
False
Is 3651318 a multiple of 9?
True
Is 17 a factor of 1245607?
True
Does 130 divide 14934140?
True
Is 354 a factor of 1383046?
False
Does 8 divide 93374?
False
Does 4 divide 1908485?
False
Does 188 divide 1129128?
True
Is 25061527 a multiple of 14?
False
Is 486904 a multiple of 44?
True
Is 744503 a multiple of 30?
False
Is 2396454 a multiple of 79?
False
Does 54 divide 819774?
True
Does 25 divide 341227?
False
Does 36 divide 69732?
True
Is 131156 a multiple of 79?
False
Does 25 divide 821448?
False
Does 541 divide 1229697?
False
Is 119253 a multiple of 354?
False
Is 25 a factor of 187750?
True
Is 250632 a multiple of 59?
True
Is 95 a factor of 1214195?
True
Is 20400 a multiple of 8?
True
Is 51 a factor of 1337985?
True
Is 118266 a multiple of 23?
True
Does 9 divide 234343?
False
Is 24 a factor of 3201775?
False
Is 77 a factor of 2343499?
False
Does 133 divide 305695?
False
Is 63 a factor of 135387?
True
Does 786 divide 14206950?
True
Is 294 a factor of 449963?
False
Is 548820 a multiple of 90?
True
Does 2 divide 115428?
True
Does 22 divide 1124567?
False
Is 7 a factor of 1634752?
True
Does 241 divide 430081?
False
Does 341 divide 462643?
False
Does 20 divide 23280?
True
Is 11 a factor of 44976?
False
Is 43 a factor of 1352539?
False
Is 1497 a factor of 3758967?
True
Is 1861319 a multiple of 39?
False
Is 844200 a multiple of 14?
True
Does 18 divide 5086920?
False
Is 208 a factor of 2079758?
False
Is 338 a factor of 643823?
False
Is 1138477 a multiple of 291?
False
Does 16 divide 9760?
True
Does 495 divide 3500447?
False
Is 1047559 a multiple of 183?
False
Does 185 divide 72227?
False
Is 128404 a multiple of 4?
True
Is 4 a factor of 329240?
True
Is 1245036 a multiple of 4?
True
Does 282 divide 14999862?
True
Is 45 a factor of 36135?
True
Is 64281 a multiple of 7?
True
Is 6 a factor of 1172278?
False
Is 35 a factor of 1084346?
False
Is 113 a factor of 244306?
True
Is 200 a factor of 18795800?
True
Is 7860683 a multiple of 189?
False
Is 31224 a multiple of 27?
False
Is 477725 a multiple of 23?
False
Is 8 a factor of 133533?
False
Does 102 divide 1309476?
True
Is 131522 a multiple of 10?
False
Is 227900 a multiple of 85?
False
Is 6 a factor of 5608?
False
Does 66 divide 4376196?
True
Is 234949 a multiple of 37?
False
Does 63 divide 651173?
False
Is 12561346 a multiple of 98?
True
Is 127 a factor of 4166298?
False
Is 3298 a multiple of 13?
False
Does 125 divide 2286875?
True
Is 1897155 a multiple of 53?
False
Is 111065 a multiple of 5?
True
Is 332465 a multiple of 11?
False
Is 490224 a multiple of 42?
True
Is 250 a factor of 864005?
False
Is 46826 a multiple of 45?
False
Is 37312 a multiple of 424?
True
Is 184 a factor of 201664?
True
Is 60 a factor of 271125?
False
Is 22 a factor of 2725448?
True
Does 33 divide 9818815?
False
Does